54?
True
Is 167 a factor of 22146?
False
Is 6 a factor of 7608?
True
Does 4 divide 1272?
True
Is 5 a factor of 1337?
False
Is 105 a multiple of 5?
True
Is 4400 a multiple of 22?
True
Is 97 a multiple of 2?
False
Does 4 divide 1724?
True
Is 11 a factor of 363?
True
Is 72 a factor of 14400?
True
Is 39 a factor of 19656?
True
Is 306 a multiple of 6?
True
Does 16 divide 944?
True
Is 528 a multiple of 24?
True
Is 8 a factor of 216?
True
Does 16 divide 5106?
False
Is 309 a multiple of 3?
True
Is 23 a factor of 27530?
False
Is 30 a factor of 4050?
True
Is 32328 a multiple of 20?
False
Is 26 a factor of 70668?
True
Is 9 a factor of 132?
False
Does 7 divide 38180?
False
Is 23 a factor of 2231?
True
Does 32 divide 576?
True
Is 148 a multiple of 2?
True
Is 54560 a multiple of 20?
True
Does 27 divide 648?
True
Does 79 divide 64105?
False
Is 4421 even?
False
Is 8 a factor of 1256?
True
Is 1526 a multiple of 7?
True
Does 163 divide 61614?
True
Does 33 divide 568?
False
Does 59 divide 1829?
True
Is 720 a multiple of 60?
True
Is 169 a factor of 6978?
False
Is 415 a multiple of 83?
True
Is 97 a factor of 4565?
False
Does 33 divide 2442?
True
Is 31 a multiple of 4?
False
Is 17 a factor of 2193?
True
Is 19 a factor of 5958?
False
Is 4080 a multiple of 80?
True
Does 49 divide 588?
True
Is 35975 a multiple of 15?
False
Does 362 divide 61959?
False
Is 13 a factor of 6815?
False
Does 65 divide 715?
True
Is 1122 a multiple of 82?
False
Is 25 a factor of 875?
True
Is 3556 a multiple of 7?
True
Is 12 a factor of 5040?
True
Is 9 a factor of 72?
True
Does 27 divide 7344?
True
Is 90 a multiple of 18?
True
Does 84 divide 14769?
False
Does 10 divide 5763?
False
Is 336 a factor of 160527?
False
Is 623 a multiple of 7?
True
Is 1645 a multiple of 47?
True
Does 4 divide 976?
True
Is 27 a multiple of 15?
False
Is 1598 a multiple of 22?
False
Does 13 divide 4355?
True
Does 25 divide 35650?
True
Is 347 a multiple of 4?
False
Does 6 divide 451?
False
Is 24487 a multiple of 157?
False
Does 25 divide 6425?
True
Is 28 a factor of 728?
True
Is 61 a factor of 1464?
True
Is 199 a factor of 42984?
True
Is 57 a factor of 2337?
True
Is 6795 a multiple of 5?
True
Is 15 a factor of 872?
False
Is 10494 a multiple of 22?
True
Does 12 divide 3207?
False
Is 1312 a multiple of 41?
True
Is 12 a factor of 253?
False
Is 1430 a multiple of 65?
True
Is 442 a multiple of 13?
True
Does 7 divide 1926?
False
Is 22587 a multiple of 131?
False
Is 212 a multiple of 31?
False
Does 8 divide 6312?
True
Does 242 divide 24999?
False
Is 300 a multiple of 20?
True
Is 17 a factor of 3347?
False
Is 10 a factor of 9903?
False
Does 33 divide 454?
False
Is 16 a factor of 1776?
True
Does 7 divide 519?
False
Does 8 divide 529?
False
Is 210 a factor of 12810?
True
Is 53 a factor of 2871?
False
Does 63 divide 10412?
False
Is 85 a factor of 17595?
True
Is 5 a factor of 3264?
False
Is 528 a multiple of 11?
True
Is 26 a factor of 2571?
False
Does 81 divide 22426?
False
Is 13782 a multiple of 4?
False
Is 29 a factor of 1179?
False
Is 21 a factor of 1491?
True
Does 77 divide 539?
True
Is 16632 a multiple of 6?
True
Is 15 a factor of 761?
False
Does 98 divide 10584?
True
Is 121 a multiple of 6?
False
Is 179 a factor of 68571?
False
Does 72 divide 3518?
False
Does 148 divide 51084?
False
Does 5 divide 602?
False
Is 156 a multiple of 8?
False
Is 16660 a multiple of 10?
True
Is 64 a multiple of 8?
True
Does 46 divide 4278?
True
Does 18 divide 5274?
True
Is 31 a factor of 31?
True
Does 12 divide 21741?
False
Is 45 a multiple of 15?
True
Is 46084 a multiple of 41?
True
Is 592 a multiple of 74?
True
Is 8 a factor of 367?
False
Does 16 divide 1248?
True
Is 2738 a multiple of 123?
False
Does 212 divide 40131?
False
Is 69 a factor of 966?
True
Does 37 divide 2572?
False
Does 90 divide 9460?
False
Does 95 divide 14630?
True
Does 2 divide 315?
False
Is 7 a factor of 761?
False
Does 10 divide 3209?
False
Is 20072 a multiple of 13?
True
Is 24 a factor of 22992?
True
Is 4238 a multiple of 53?
False
Is 41 a multiple of 41?
True
Is 371 a multiple of 40?
False
Is 2489 a multiple of 45?
False
Is 18766 a multiple of 10?
False
Is 180 a factor of 22399?
False
Is 13 a factor of 29622?
False
Does 13 divide 248?
False
Is 2583 a multiple of 21?
True
Does 92 divide 2116?
True
Is 1476 a multiple of 16?
False
Is 181 a multiple of 5?
False
Is 4440 a multiple of 15?
True
Is 425 a multiple of 17?
True
Is 42 a multiple of 7?
True
Is 2 a factor of 6035?
False
Is 816 a multiple of 24?
True
Is 73 a factor of 365?
True
Is 23 a factor of 299?
True
Is 27 a factor of 6732?
False
Does 53 divide 12843?
False
Is 6 a factor of 1508?
False
Is 39 a multiple of 13?
True
Is 31 a factor of 544?
False
Does 13 divide 1177?
False
Is 384 a multiple of 22?
False
Does 20 divide 1120?
True
Does 13 divide 1222?
True
Is 15 a factor of 8626?
False
Is 2 a factor of 159?
False
Does 364 divide 47539?
False
Is 14928 a multiple of 10?
False
Does 9 divide 41823?
True
Is 103 a multiple of 5?
False
Is 4 a factor of 936?
True
Is 116842 a multiple of 22?
True
Does 36 divide 65009?
False
Is 2376 a multiple of 72?
True
Is 5214 a multiple of 66?
True
Is 20 a factor of 81?
False
Is 88 a factor of 7392?
True
Does 16 divide 400?
True
Is 11 a factor of 7029?
True
Is 227 a factor of 35990?
False
Does 7 divide 7807?
False
Is 60 a factor of 52974?
False
Is 14 a factor of 1523?
False
Is 528 a multiple of 20?
False
Is 12 a factor of 15333?
False
Is 19 a factor of 347?
False
Is 5040 a multiple of 18?
True
Is 62 a factor of 682?
True
Is 15 a factor of 360?
True
Does 34 divide 340?
True
Is 3 a factor of 26?
False
Is 11 a factor of 11257?
False
Is 2176 a multiple of 64?
True
Is 100 a factor of 1649?
False
Is 29 a factor of 14477?
False
Does 4 divide 308?
True
Is 448 a multiple of 64?
True
Does 28 divide 852?
False
Does 31 divide 64646?
False
Is 7563 a multiple of 103?
False
Does 14 divide 132?
False
Is 18492 a multiple of 67?
True
Is 88840 a multiple of 10?
True
Is 1081 a multiple of 47?
True
Does 9 divide 1737?
True
Is 102 a factor of 7038?
True
Is 14 a factor of 2436?
True
Is 12 a factor of 6948?
True
Is 76 a multiple of 2?
True
Is 1053 a multiple of 15?
False
Is 29064 a multiple of 42?
True
Is 106 a factor of 1183?
False
Is 1215 a multiple of 135?
True
Is 884 a multiple of 56?
False
Is 3564 a multiple of 66?
True
Is 21 a factor of 1449?
True
Is 17 a factor of 255?
True
Is 1081 a multiple of 20?
False
Is 7 a factor of 15570?
False
Is 14 a factor of 5448?
False
Is 21 a factor of 274?
False
Is 11 a factor of 191?
False
Is 87 a factor of 3045?
True
Is 15 a factor of 3836?
False
Is 12 a factor of 47460?
True
Is 3 a factor of 227?
False
Does 7 divide 1607?
False
Is 89 a multiple of 9?
False
Is 94 a factor of 7516?
False
Does 147 divide 10290?
True
Is 17266 a multiple of 17?
False
Does 12 divide 94?
False
Does 72 divide 2293?
False
Does 218 divide 409?
False
Is 1717 a multiple of 17?
True
Does 155 divide 39843?
False
Is 27 a factor of 756?
True
Does 34 divide 3128?
True
Does 5 divide 2461?
False
Is 2 a factor of 1027?
False
Is 22 a factor of 9673?
False
Is 11 a factor of 1771?
True
Is 5782 a multiple of 19?
False
Is 72 a factor of 553?
False
Does 7 divide 721?
True
Is 10351 a multiple of 20?
False
Is 16508 a multiple of 33?
False
Is 48 a factor of 957?
False
Is 78 a factor of 13338?
True
Is 2 a factor of 3?
False
Is 36784 a multiple of 44?
True
Is 880 a multiple of 10?
True
Is 505 a multiple of 34?
False
Does 9 divide 2250?
True
Does 19 divide 8646?
False
Does 4 divide 28260?
True
Is 980 a multiple of 42?
False
Is 581 a multiple of 13?
False
Does 8 divide 4091?
False
Is 74536 a multiple of 49?
False
Is 488 a multiple of 19?
False
Does 31 divide 36952?
True
Is 3 a factor of 8612?
False
Is 5 a factor of 130?
True
Does 60 divide 8640?
True
Is 258 a factor of 2580?
True
Does 15 divide 300?
True
Is 6 a factor of 4998?
True
Is 2646 a multiple of 26?
False
Is 8 a factor of 728?
True
Is 28 a factor of 509?
False
Does 42 divide 5796?
True
Is 106 a factor of 2254?
False
Does 20 divide 3740?
True
Does 36 divide 3634?
False
Is 204 a factor of 16007?
False
Is 21 a factor of 357?
True
Is 4 a factor of 147?
False
Is 27 a factor of 867?
False
Does 26 divide 17824?
False
Is 12575 a multiple of 23?
False
Is 28 a factor of 924?
Tr